) - 1)*t a prime number?
False
Let k(u) = 2*u + 44. Let b be k(-25). Let m(h) = -262*h - 61. Is m(b) a prime number?
True
Let w(t) = 2*t + 18. Let p be w(-8). Suppose p*z - 1192 + 233 = 3*h, 10 = 2*h. Is z prime?
True
Let i = -16 + 20. Suppose -191 = i*t - 2107. Is t a composite number?
False
Suppose 26*k - 3252 - 3274 = 0. Is k a prime number?
True
Suppose -559 - 3260 = 3*i - 3*f, 0 = 4*f + 8. Let v = -398 - i. Is v composite?
False
Let g = 11853 - 7950. Is g prime?
False
Let p = -2298 + 3952. Is (-4 - -10) + -3 + p prime?
True
Suppose -6 = -v + l, 4*l = -2*v + 5*l + 12. Suppose -715 = -v*t + t. Is t a prime number?
False
Let s = 94 - 56. Is s a prime number?
False
Let t = -2623 + 1035. Suppose -w = 5*q + 4196, 0 = 82*w - 87*w - 5. Let n = q - t. Is n a composite number?
True
Let i(z) = z**2 - 5*z + 2. Let k be i(5). Suppose k*b = 4*m + 8, 5 + 20 = -5*b + m. Is 608/3 + b/(-18) prime?
False
Is 45/(-18)*(-4 - (-42430)/(-25)) composite?
False
Let z be ((-1410)/21)/(1/(-7)). Let c = z - 305. Is (94/3)/(22/c) a prime number?
False
Is 39077 - -1 - -21*(-3)/(-9) prime?
False
Let a(b) = 7*b**2 + 11*b. Let c be a(10). Is 4/(16/c) - 1/(-2) prime?
False
Let m = -74 - -445. Is m prime?
False
Suppose 0 = -3*t + 4*w - 1 + 3, -t + 1 = -w. Suppose -t*c + 127 = 35. Is c composite?
True
Suppose 7*i - 10*i + 43437 = 0. Is i composite?
False
Suppose 34240 = 7*x + x. Suppose x = 3*o - 3031. Is o a prime number?
True
Suppose -5*u + 2*n + 80925 = 0, -19024 = -4*u + 5*n + 45733. Is u a prime number?
True
Suppose 2*a = -6*a + 40168. Is a a composite number?
False
Let x(s) = -s**3 + 57*s**2 - 5*s - 173. Is x(50) a composite number?
False
Let q be 160/28 + (-2)/(-7). Suppose -2*m - 5*r + 1159 = 0, -m - q*r + 582 = -r. Is m a prime number?
True
Let n(g) = -7 + 6*g + 2*g**3 - 3*g**3 + 0*g**3 + 9*g**2. Is n(9) a composite number?
False
Let h = 1682 + -513. Is h a composite number?
True
Let x = 380 - 147. Is x prime?
True
Let s(m) = -199*m - 158. Is s(-9) prime?
False
Let i(a) = 2*a**3 - a. Let r be i(2). Let j = -13 + r. Suppose 128 = n + j. Is n a prime number?
True
Let g(t) = 15*t**3 - 130*t**2 + 4*t - 14. Is g(11) composite?
True
Let a(p) = -15*p**3 + 2*p**2 + 8*p - 1. Is a(-4) composite?
True
Suppose 7280 + 1696 = -12*u. Let c = u + 1167. Is c a prime number?
True
Suppose s - 3*s + 8 = 0. Suppose 0 = -s*d + 3 + 1. Let w(r) = 25*r - 2. Is w(d) composite?
False
Let y(w) = 7*w**2 + 4*w - 34. Is y(-17) composite?
True
Let z = 237 - -5656. Is z prime?
False
Let g(w) = w**3 - 5*w**2 + 3*w - 7. Let k be g(9). Let j = 44 + 57. Suppose k = 5*z - j. Is z composite?
False
Let x(m) be the first derivative of -31*m**3 - m + 1. Let v be x(1). Let l = v + 191. Is l a prime number?
True
Let f = -107 - 184. Let b = 778 + f. Is b a prime number?
True
Let b(z) = -z**2 + 12*z + 11. Suppose 0 = t + t. Suppose -5*k + 9*k - 24 = t. Is b(k) composite?
False
Suppose 5*r + b - 21594 - 13752 = 0, 5*b - 7074 = -r. Is r a composite number?
False
Let l = 5021 + -2764. Is l a prime number?
False
Let h = 1219 + -249. Let x = -2 - -8. Suppose l - x*l = -h. Is l a prime number?
False
Suppose -3*z + 143 = -5*x + 46, 0 = 3*x + 15. Let j be ((-132)/16)/(9/z). Let t = j + 75. Is t prime?
True
Suppose 4*w + 1665 = 3*w. Let c = -4976 - w. Let u = c - -4820. Is u a prime number?
False
Let q be (-5 - 136/(-12))/((-1)/(-582)). Suppose -j = j - q. Is j a prime number?
False
Suppose 17 = 5*h + 3*m, h + 5*m = m. Let g(r) = 11*r**3 + 6*r**2 - 3*r + 9. Is g(h) composite?
False
Suppose -8*s - 10789 = -34205. Is s prime?
True
Let t = -34 + 37. Suppose -30 = -t*g + 4*g. Let m = g + 52. Is m composite?
True
Let u = 192 + 209. Let q = 2646 - u. Is q a composite number?
True
Let n(d) = d + 2. Let l be n(-3). Let t be (3/(-12))/(l/12). Is (-2 + 13)*(6 - t) prime?
False
Let d(w) be the third derivative of 3*w**4/8 - 19*w**3/6 - 3*w**2. Is d(6) a prime number?
False
Let z(h) = 43*h**2 - 5*h - 5. Let u be ((-36)/(-14))/((-4)/(-14)). Is z(u) a composite number?
False
Let l(z) = 3 - 1 + 3*z**2 - 9*z - 2. Let v be l(10). Suppose -v - 160 = -2*h. Is h prime?
False
Suppose -32*l + 2601 = -23*l. Suppose 4*q + q = -810. Let n = l + q. Is n prime?
True
Suppose 4*p - 4*b = 3*p + 1165, 2*p = -5*b + 2278. Let o = p + 522. Let d = o + -1172. Is d prime?
True
Let c(r) = 3 + 0 + 275*r + 40*r. Is c(2) prime?
False
Let k = 842 - 469. Suppose 1163 = 2*z + k. Is z a composite number?
True
Let d(v) = 12*v - v**3 - 1 + 0 + v**2 + 5*v**2 - 11*v. Let h be d(6). Suppose -241 = -5*f - 2*q, -h*q + 22 = -4*f + 228. Is f a composite number?
True
Let d(o) = o**3 + 9*o**2 - 2. Let z(v) = -v**3 - 10*v**2 + 1. Let q = 13 - 18. Let a(g) = q*z(g) - 4*d(g). Is a(-10) a prime number?
False
Let a = 3290 - -9. Is a composite?
False
Suppose -5*v + 2 = 2*i - 14, -4*i = 4*v - 32. Suppose -5*a = 4*x + 29, 3*x - 2*a + 30 = -3*a. Let m = i - x. Is m a prime number?
True
Let b = 9 + -6. Suppose 0 = -b*h + 6 + 21. Is h a prime number?
False
Suppose 0 = 5*g + 76 - 251. Let m = 59 - g. Suppose f + x - 9 = m, -5*f + 2*x = -179. Is f a composite number?
True
Let u(f) = 99*f**2 - 15*f - 83. Is u(-9) composite?
True
Let t = -607 + 9530. Is t prime?
True
Let q(v) = 379*v**3 + 8*v**2 + 11*v - 34. Is q(4) prime?
False
Suppose 140*y - 41430 = 134*y. Is y composite?
True
Suppose 3*j = 5*x - 1, -4*x + 3*j + 4 = -2*x. Let o(m) = -7*m - 2. Let a be o(x). Suppose 5*l = -4*y + 275, -y = -3*l + a + 160. Is l prime?
False
Let m(u) = -u**3 - 5*u**2 + 3*u - 6. Let t be m(-5). Let k be 94/14 - 6/t. Let i(x) = 2*x**2 - 2*x + 9. Is i(k) a prime number?
False
Suppose 8*p = 9*p - 1870. Let v = -1193 + p. Is v prime?
True
Let g(d) be the first derivative of 1622*d**3/3 - d**2 - d - 4. Let z be g(-1). Suppose -2*f + z = f. Is f a prime number?
True
Let u(n) be the first derivative of 43*n**2/2 + 6*n - 11. Is u(7) composite?
False
Suppose 132*j = 124*j + 29704. Is j prime?
False
Suppose 3*r = 2*r - l + 628, 4*l = 4*r - 2552. Suppose 4*v + 426 = 2*n - 0*n, 3*v + r = 3*n. Is n a composite number?
True
Suppose -5*o + 22809 = 4*x, -4*x - 22800 = -5*o + x. Is o prime?
True
Let t(o) = o**2 - 2*o - 6. Let i be t(-2). Is i*(-205)/2*-1 a prime number?
False
Let b = 2638 + 1299. Is b prime?
False
Let s = 5 + -12. Let u = s - -5. Is 49/(-2 + (1 - u)) a composite number?
True
Suppose d - 5*d + a + 5444 = 0, -4083 = -3*d - 3*a. Is d a prime number?
True
Suppose -2906 - 4663 = -9*b. Is b composite?
True
Suppose -2*i + 35 = 3*c + 2*i, -c - 5*i = -30. Suppose -c*u + 188 - 503 = 0. Let a = 16 - u. Is a prime?
True
Let k(i) = i**3 + 4*i**2 + 5*i + 5. Let z be k(-2). Suppose z*c - 1867 = -466. Is c a prime number?
True
Let s = -3 + 8. Suppose 0 = -4*g + 7 + s. Suppose g*u - 7*u = -188. Is u composite?
False
Suppose 3*l = -0*l + 47805. Is l prime?
False
Let k(n) = -146*n + 229. Is k(-48) composite?
False
Let h(f) = 4*f + 14. Let y(r) = -9*r - 29. Let c(k) = 7*h(k) + 3*y(k). Let o be c(-11). Is (1 - 5 - o) + 635 a composite number?
False
Suppose 3*k = 8615 + 1051. Suppose 0 = 3*y - 8301 + k. Is y composite?
False
Let d(n) = n - 3. Let h be d(7). Let f be (9/(-6))/((-3)/h). Suppose 3*b = -5*q + 244, -f*q + 3*q + b - 50 = 0. Is q composite?
False
Let z(f) = 331*f + 1. Let y be z(1). Let x = -141 + y. Is x composite?
False
Suppose 0 = -4*d + 44417 + 20091. Is d a composite number?
False
Suppose -3 = -3*g - 192. Let z = -34 - -228. Let b = z + g. Is b a prime number?
True
Let c(s) = -s**2 - 14*s. Let v be c(-12). Suppose 0*a = 2*a - v. Is ((-388)/a)/(2/(-6)) a composite number?
False
Let p = 522 - 367. Is p prime?
False
Let o(n) = n**3 - 11*n**2 + 23*n - 38. Let m be o(9). Suppose 931 = -m*q + 38598. Is q composite?
False
Suppose 0 = -4*s - 3*a - 23, -1 + 5 = 3*s - 2*a. Let u be 207230/(-187) + s/(-11). Is 2/6 + u/(-6) composite?
True
Is (48 - -404)*(-166)/(-8) a prime number?
False
Is (56116/14)/((-25)/(2625/(-30))) a prime number?
True
Let z be (-5)/(-3) + 11/33. Is 94*(21/z + -4) a prime number?
False
Let v = -59450 + 87661. Is v a prime number?
True
Suppose -20917 = -5*d - 2*p + 9694, -3*d - 5*p = -18378. Is d composite?
False
Suppose -5*x - 1801 = -5*m - 17626, 0 = 4*x - 3*m - 12658. Is x prime?
True
Suppose -120 = l - 4*h - 4, 2*h = 3*l + 348. Let w = l + 40. Is (w/16)/(5/(-340)) a prime number?
False
Suppose 